 16. What is the greatest common factor of s and t?
27
Suppose 0 = -2*h - 5*j + 345, 0*h + 190 = h - j. What is the highest common divisor of 296 and h?
37
Suppose -21*n = -25*n - 512. Let i = -29 - n. Let z be (-20)/(-2) - (-2 + 1). Calculate the highest common factor of i and z.
11
Let c(z) = -z**3 - 1. Let m(t) = 5*t**3 + 9*t**2 + t + 17. Let i(a) = 4*c(a) + m(a). Let d be i(-9). What is the highest common divisor of 32 and d?
4
Suppose 0 = 13*r - 2545 - 3071. Calculate the greatest common factor of 32 and r.
16
Suppose 20*u = 22*u - 1176. Suppose -76 = -n + 5*f + 71, 3*f + u = 4*n. What is the greatest common divisor of 21 and n?
21
Suppose -x = -23 - 21. Let z(m) = -m**2 + 6*m + 6. Let d be z(9). Let s = -17 - d. What is the highest common factor of s and x?
4
Let g(b) = -2*b**3 - 6*b**2 - 13*b - 35. Let f be g(-5). What is the greatest common factor of 1625 and f?
65
Suppose 16*u + 44 = 27*u. Calculate the greatest common factor of 116 and u.
4
Let w(x) = -x + 5. Let r be w(-5). Suppose -5*f = -2*f - 18. Suppose 2*v - 26 + f = 0. Calculate the greatest common divisor of v and r.
10
Suppose 26*x - 4840 = 4*x. What is the greatest common divisor of 44 and x?
44
Let j be 4/20 + (-807)/(-15). Calculate the greatest common divisor of 90 and j.
18
Let h(s) = s**3 - s**2 - 3*s + 1. Let n be h(3). Calculate the highest common divisor of n and 25.
5
Suppose 111*k - 102*k = 1440. What is the highest common factor of k and 4?
4
Let c(g) = 42*g**2 + g + 1. Let x be c(-1). Suppose 191 = 3*u - 5*v, 8*v - 3*v - 241 = -3*u. Let t = u + -9. Calculate the highest common divisor of x and t.
21
Let v(k) = 14*k - 56. Let s be v(5). Let l(o) = o**2 - 3*o + 2. Let n be l(3). What is the greatest common divisor of n and s?
2
Suppose -8*c + 477 + 323 = 0. What is the highest common factor of 150 and c?
50
Let v(p) = -6*p - 7. Let k be v(-2). Suppose -k*q + 144 = 34. What is the highest common divisor of 11 and q?
11
Let q be (-7)/(2 - (-18)/(-10)). Let w = -17 - q. What is the greatest common divisor of w and 9?
9
Suppose 3*g - 20 = 88. Let c be ((-56)/(-42))/((-2)/(-36)). Suppose 0 = -4*d + g + c. What is the highest common divisor of 135 and d?
15
Let c = 245 + -235. Let n = -82 - -172. Calculate the highest common factor of c and n.
10
Let i = 19 - 18. Let z be (-8)/(12/(-8) + i). Suppose 0 = -w + z - 2. What is the greatest common divisor of 7 and w?
7
Let k be 6953/153 - (-16)/(-36). Calculate the highest common factor of 135 and k.
45
Let s = 625 - 588. What is the greatest common divisor of 851 and s?
37
Let c be -3 + (337 - (-28)/(-7)). What is the highest common divisor of 120 and c?
30
Let m be 118 + 3 + ((-3)/(-3))/(-1). Calculate the highest common factor of 15 and m.
15
Let m be (11/(132/(-8)))/(4/(-174)). Let f = m + -17. What is the highest common divisor of 16 and f?
4
Let t = 1303 - 828. Let j = t + -59. What is the highest common factor of 32 and j?
32
Let p = -6 + -2. Let d = 17 + p. What is the highest common factor of 72 and d?
9
Suppose 8*f - 141 = 435. What is the highest common factor of f and 48?
24
Suppose 8*h + 2450 = 10*h. What is the highest common divisor of 49 and h?
49
Suppose 18705 = -92*t + 49617. What is the greatest common divisor of t and 294?
42
Let q be 2 + 69 + (0 - 1). Let t(b) = 56*b**2 + 8*b + 8. Let k be t(-1). Calculate the greatest common factor of q and k.
14
Let a be 2780/180 - (-8)/(-18). Calculate the greatest common divisor of 27 and a.
3
Suppose 4*n = -0*n - l + 18, 0 = n + 4*l - 12. Let z be n*(2 - 1) - (1 + -87). Calculate the highest common factor of z and 10.
10
Let y = 10 - 19. Suppose g = 2*z + 2*g + 39, z + 5*g + 15 = 0. Let x = y - z. Calculate the highest common divisor of 44 and x.
11
Let n = 3 + 0. Let m be (-2)/n + (-240)/(-9). Suppose -4*p + 57 - 5 = 0. What is the highest common divisor of m and p?
13
Suppose 0 = -4*w - j + 67, w + 3*j + 1 = 26. Let v be (28/(-49))/(1/(-7)). What is the greatest common divisor of w and v?
4
Let s(f) = 8*f + 40. Let g be s(12). Calculate the highest common divisor of g and 102.
34
Let f(p) = -375*p - 7105. Let m be f(-19). Let y(r) = 25*r**2 - r + 2. Let w be y(2). Calculate the highest common factor of w and m.
20
Let i be (8/5 - -4)*55. Suppose -748 = -11*a - i. Calculate the greatest common divisor of a and 10.
10
Let d(k) = k**2 - 21*k - 15. Let z be d(26). Calculate the greatest common divisor of 23 and z.
23
Let w(r) = -3*r + 160. Let j be w(41). What is the highest common factor of j and 333?
37
Let i = -40 - -63. Let n be (8 - 6)*1 + -1. Let z = n + i. What is the greatest common divisor of z and 3?
3
Suppose -1 + 45 = p. Suppose -2*m - 3*m = -m. Suppose m*u + p = u. What is the highest common factor of 11 and u?
11
Let s be (4/(-5))/(3/15). Let z = 1 - s. Suppose v + 0 = g + 1, -z*g + 13 = -2*v. What is the highest common factor of 6 and v?
6
Suppose -25 = -t - 3. Let z be ((-35)/(-70))/((-2)/(-352)). What is the highest common divisor of z and t?
22
Let y be -2 + -26*(0 - 1). Let p(n) = 15*n - 72. Let l be p(6). What is the highest common factor of l and y?
6
Let b(a) = 21*a**2 + 1. Suppose 0 = 12*g - 14 + 2. Let m be b(g). Let z = 747 - 527. What is the highest common factor of m and z?
22
Let a(h) = -5*h**3 + 2*h**2 - 5. Let n be a(4). Let t = n - -419. What is the highest common factor of t and 14?
14
Suppose -3*d = -0*d - 33. Let j(u) be the third derivative of 19*u**4/24 + 2*u**3 + 8*u**2. Let l be j(4). What is the greatest common divisor of l and d?
11
Suppose 2*h = h + 48. Let v be 127/4 - (5 + 84/(-16)). Calculate the greatest common factor of h and v.
16
Let a be (5/(-4))/(2/(-8)). Let j be 66/3 + (4 - a). What is the greatest common factor of 147 and j?
21
Let s = 136 - 194. Let r = 60 + s. What is the greatest common factor of 6 and r?
2
Suppose 18*h = 4*h + 1512. Let o = 162 - h. Calculate the highest common factor of 6 and o.
6
Let v(o) = -7*o**3 + 5*o**2 - o + 2. Let m be v(-2). What is the greatest common divisor of m and 5?
5
Let o = -42 - -45. Let z be (-1 + 0)*(-1 + 1). Suppose o*i + 0*p - 4*p - 10 = z, -i + 5 = -p. Calculate the highest common divisor of i and 110.
10
Let w(u) = 7*u + 40. Let v be w(-3). Let l = -20 + 39. What is the highest common divisor of l and v?
19
Let x be (0 + 470/25)*25/10. Calculate the highest common divisor of 188 and x.
47
Let c be 2/5 - 716/(-10). Suppose -4*z - v = -193, -18*v = -15*v - 3. What is the highest common factor of z and c?
24
Let v be (-1)/(-3) - (-76)/(-3). Let i = 38 + v. What is the greatest common factor of 52 and i?
13
Suppose -52*b + 48*b + 3*l + 7178 = 0, -4*l - 3594 = -2*b. Calculate the highest common divisor of b and 11.
11
Let x = 167 - 80. Suppose 0*l - x = 3*l. Let u = 42 + l. What is the highest common divisor of 13 and u?
13
Suppose -4*b - 15 = 21. Let m(i) = i**2 + 4*i - 3. Let f be m(4). Let o = b + f. What is the highest common factor of o and 10?
10
Let z(u) = -u**3 + 7*u**2 + 9*u - 5. Suppose 0 = 39*d - 43*d + 32. Let s be z(d). Calculate the greatest common factor of s and 3.
3
Suppose -v - n + 411 = 0, 3*n = 2*v - 2*n - 815. What is the greatest common factor of v and 30?
10
Suppose 21*j = -3967 + 28054. What is the highest common factor of 31 and j?
31
Let h(a) = a**3 - 5*a**2 - 7*a + 11. Let g be h(6). Let n be -5 - -1 - (-1 - 58). Calculate the highest common factor of n and g.
5
Suppose 20 = -i + 11*i. Suppose 72 = 2*l + i*l. What is the highest common factor of l and 12?
6
Let h = 89 - 87. Suppose h*s - 4*s = 0, -84 = -3*n + s. Calculate the greatest common divisor of 196 and n.
28
Let d = -9 - -45. Let o = -36 - -47. Let b = o + -2. Calculate the greatest common divisor of d and b.
9
Let v be (2 + -6)*2/(-4). Suppose -2*p + 16 = -0. Calculate the greatest common factor of p and v.
2
Suppose 0 = 7*p - 297 - 935. Calculate the highest common divisor of 132 and p.
44
Let t be 150/(-3675) + (-690)/(-98). Let w be 14*(-1 - (-6)/4). Calculate the greatest common factor of w and t.
7
Let k(a) = -a**2 - 1 - 5*a + 12 + 4*a**2 + 3*a. Let v be k(8). What is the highest common factor of 17 and v?
17
Let l(a) = a**3 + 2*a**2 - 64*a + 26. Let q be l(0). What is the greatest common factor of 377 and q?
13
Let y be (-1)/(-3) + -1 - 40/12. Let c be 2/(-8) - 1101/y. What is the